-s**4/12 - s**3/6 - s**2/2 + 5*s. Let a(n) = 2*n**3 + 2*n**2 - 12*n - 12. Let q be a(-1). Determine t(q).
-1
Let j(w) = -160 - 359*w + 0 - 347*w + 721*w + 29. Calculate j(9).
4
Let u = -72 + 76. Let b(s) = -2*s - 4*s**2 + 9 + u*s**3 - 5 - 3*s - 3*s**3. Determine b(4).
-16
Let c(k) = k**3 - 17*k**2 + 17*k - 15. Let m(w) = -30*w + 616. Let o be m(20). Calculate c(o).
1
Suppose -v - 20 = -5*v. Suppose 14 - 4 = -v*m. Let b be m/(-4) - (-15)/(-10). Let p(x) = 8*x - 1. Give p(b).
-9
Let s(a) = -3*a**2 + 9*a - 6. Let g(r) = 7*r**2 - 18*r + 12. Let z(w) = w**3 + 5*w**2 + 5*w + 2. Let v be z(-3). Let y(j) = v*s(j) + 2*g(j). Determine y(6).
12
Let f(a) = -a**3 + a + 1. Let c(d) = -7 - 63*d**2 + 64*d**2 - d - 35. Let t be c(7). Give f(t).
1
Let i(s) = 5*s**3 - 9*s**2 + 8*s + 10. Let d be i(2). Let h = 5 - 2. Let p(k) = -27*k - 1 + d*k - h*k**3 + 4*k**3 - 7*k**2. Calculate p(7).
20
Let l(u) = 4 - 52*u**2 + 9 - 7*u**3 + 6 + 57*u**2 + 8*u**3. Calculate l(-5).
19
Let r be (1/2)/(1/6). Let w(j) be the second derivative of -16*j - 1/2*j**3 + 1/20*j**5 - 1/6*j**4 + 1/2*j**2 - 2. Calculate w(r).
1
Let k(p) = -94*p + 39. Let i(b) = -33*b + 13. Let w(r) = -17*i(r) + 6*k(r). Give w(5).
-2
Let a(n) = -8*n + 3. Suppose -7*l - 2531 = -2496. Calculate a(l).
43
Let z(p) = -p**2 + 2*p + 26. Let y = -1058 + 1068. Determine z(y).
-54
Let g be 24/(-9) - (-527)/186. Let j(f) be the second derivative of 0*f**2 + 1/6*f**4 + g*f**3 + 11*f - 1/4*f**5 + 0. Calculate j(-1).
6
Suppose 5*p - 511 + 231 = 0. Let i(r) = p*r - 5*r**2 - r**3 - 120*r + 55*r - 4*r**2 - 2. Calculate i(-8).
6
Let x(f) = 4*f**2 + f - 2. Let u = 3957 - 3961. What is x(u)?
58
Let j(z) = 2*z**2 - z. Suppose -45*b = -42*b - 3. Let t(d) = -11*d**2 - 2*d. Let a(y) = b*t(y) - 3*j(y). Let o be (-3)/(-6)*(-1 - -3). Give a(o).
-16
Suppose 121 = 90*n - 49 - 10. Let s(r) = -r**2 + 12*r - 21. Give s(n).
-1
Let f(u) = -12*u + 529. Let j(k) = 90. Let l(y) = -f(y) + 2*j(y). Calculate l(29).
-1
Let q(v) = 8*v - 9. Let l(i) = i - 29. Let k(s) = l(s) - q(s). What is k(-6)?
22
Let p(c) = 11*c - 7. Let g be (12 - 1 - 6)*(0 - -1). Let a(i) = -6*i + 4. Let l(r) = g*a(r) + 3*p(r). Give l(-2).
-7
Let r(m) = -m**3 + 3*m**2 + 12*m + 2. Let g be r(5). Let k be g/(-3 + -3) - (-101 - 0). Let j be 44/k*18/4. Let p(w) = -w**2 + 3*w + 2. Give p(j).
4
Let g = 537 - 535. Let f(m) = 10*m**2 - 5*m**3 + 3 + m**2 - 9*m**g + 6*m**3 - 3*m + 2*m**2. Calculate f(-5).
-7
Suppose -3*z - u = -5*z, 3*z - 5*u = -7. Let m(a) = 69*a**3 + 9*a + 178. Let b(q) = 37*q**3 + 5*q + 97. Let j(l) = -11*b(l) + 6*m(l). Calculate j(z).
7
Let v(y) be the third derivative of 1/6*y**3 + 1/24*y**4 + 1/30*y**5 + 0*y + 141 - y**2. Give v(-1).
2
Let w = -360 + 239. Let m = 117 + w. Let b(u) = -u**2 - 2*u + 2. Give b(m).
-6
Suppose -8*f - 47 = 1. Let n(a) be the second derivative of a**5/20 + 5*a**4/12 - a**3/2 + 7*a**2 + 4*a - 5. What is n(f)?
-4
Let c(v) = -v. Let i = 63 - 67. Let n be 0/(4/(16/i)). Suppose -3*y + n = -0. Determine c(y).
0
Let f(k) = -29*k**3 + k**2 + k + 1. Let w be (-3 + 0)*(-354)/18. Suppose t = -60 + w. What is f(t)?
30
Suppose 2*c = 3*c. Suppose 0 = -4*s + 4*i + 20, -2*s + 2*i = 4*i - 6. Suppose s*p = 20, c = -4*r - p - 4 - 7. Let j(f) = -f**2 - 6*f - 1. Calculate j(r).
7
Let y(x) = 145*x**2 - 75*x**2 - 93*x**2. Suppose -3*c - 2*a - 3*a - 13 = 0, 3*c + a + 5 = 0. What is y(c)?
-23
Let s(a) be the second derivative of a**4/6 + a**2/2 + 488*a + 1. Suppose -4*z = 4*y + 7 + 1, 14 = -5*z - y. What is s(z)?
19
Let p(t) = 44*t**2 + 5*t + 1. Let d(a) = 46*a**2 + 7*a + 1. Let q(c) = 2*d(c) - 3*p(c). What is q(-1)?
-40
Let b(u) = u**2 - 16*u - 24. Let d(a) = 21*a**2 + 32*a - 6. Let q be d(-2). Give b(q).
-52
Suppose 5*q - 43 = -3*x, 2*q + 14 = -5*x + 9*x. Let r(y) = y - 3. Let n be r(5). Let g be (14/(-6))/(n/x). Let f(v) = -v**3 - 6*v**2 + 4*v - 8. What is f(g)?
13
Let g(n) = -1046*n + 13571. Let d be g(13). Let b(u) = 2*u**2 + 57*u + 37. Determine b(d).
-44
Suppose 22*z + 39 = -49. Let o be (-5 + 12/4)*14/z. Let t(l) = l - 2. Calculate t(o).
5
Let i(v) be the second derivative of v**4/12 - 5*v**2/2 - 7*v. Let j(d) = -2*d**2 + 85*d - 46. Let f be j(42). What is i(f)?
11
Let d(y) = -y**3 - 6*y**2 - 7*y + 7. Let m be d(-4). Let z(u) = -3*u**3 - 2 - 15*u**2 + 4*u**3 - 2*u**m + 2*u**3. Calculate z(15).
-2
Let s(v) = -v**2 + 13*v - 18. Suppose 430*n - 441*n + 121 = 0. Calculate s(n).
4
Let y(b) = -b**2 - 11*b + 30 - 23*b + 8 + 17*b. Give y(-19).
0
Suppose -2*w = 4*s - 8, 4*w - 16 - 45 = s. Let t(u) = -u**3 + 15*u**2 - 14*u - 3. Determine t(w).
-3
Let t(a) be the second derivative of a**4/6 - 23*a**3/3 + 51*a**2/2 + 12422*a. Determine t(22).
7
Let i be 40/(-4) - (-143)/11. Let n(y) = 8*y - 32. Calculate n(i).
-8
Let p(z) = -z**3 + 3*z**2 - 3*z - 2. Let i be ((-1)/(-4))/((-2180)/(-240) - 9). What is p(i)?
-11
Suppose 2439 = 17*v + 195. Let d be v/(-20) - 8/20. Let g(p) = p**2 + 6*p - 5. Determine g(d).
2
Let z = -106 + 134. Suppose 203*d = 207*d - z. Let j(g) = g**2 - 6*g - 7. Give j(d).
0
Let w(b) be the first derivative of 1/2*b**2 + 29 - 5*b. What is w(-6)?
-11
Suppose -40*b = -43*b - 26 - 19. Let w(z) = -2*z - 6. Give w(b).
24
Suppose 141*c - 340 - 224 = 0. Let y(m) be the first derivative of -4*m + 1/4*m**c - 5/3*m**3 - 44 - m**2. Calculate y(5).
-14
Let c(s) = -6*s**2 - 322*s - 321. Let m be c(-1). Let z(x) = 4*x + 35. Determine z(m).
15
Suppose 7*f + g = 4*f + 86, -4*f + 115 = g. Let z = -27 + f. Let s(k) = 2*k**2 - k. What is s(z)?
6
Let c(d) be the third derivative of d**5/60 - 5*d**4/12 - d**3/6 + 12*d**2. Let r be c(9). Let v = r + 9. Let f(g) = -g - 2. Determine f(v).
-1
Let i(d) be the third derivative of -d**5/60 - 5*d**4/24 + 64*d**3/3 + 207*d**2. Determine i(9).
2
Let i(u) = 10*u + 8. Suppose -130*g + 254*g = 127*g. What is i(g)?
8
Suppose u = -0*u. Let n(l) = 60*l**3 + 38*l**2 - 41*l + 61. Let r(q) = 19*q**3 + 12*q**2 - 13*q + 20. Let m(p) = -6*n(p) + 19*r(p). Determine m(u).
14
Let x be (-42)/(-9) - (75/125)/(9/10). Let u(q) be the first derivative of -1/4*q**x + 8/3*q**3 - 7/2*q**2 - 3 - 3*q. Determine u(7).
-3
Let o = 943 - 939. Let y(t) = t**3 - 2*t**2 - 10*t + 20. Give y(o).
12
Let w(h) = -11*h - 78. Suppose -17*m - 63 = -8*m - 0*m. Determine w(m).
-1
Suppose 26*g - 11*g = 20*g + 35. Let t(q) = q**3 + 9*q**2 + 16*q + 15. Calculate t(g).
1
Let c(r) = 53*r - 180*r - 2*r**2 + 88*r + 81*r + 55. Determine c(22).
11
Let x(l) = l**3 - 15*l**2 + 20*l - 14. Suppose -67 + 29 = -3*g - 2*z, g - 8 = -3*z. Determine x(g).
70
Let n(b) be the first derivative of 14*b**2 + 2*b - 112. Determine n(2).
58
Let q be (-220)/(-30) - (12 - (-228)/(-18)). Let l(a) be the first derivative of -a**3/3 + 9*a**2/2 + 1. What is l(q)?
8
Let f be (-3)/(27/(-48)) + 184/(-138) + -4. Let q(o) = o - 6. Determine q(f).
-6
Let m(b) = -3*b - 49. Let y be m(-15). Let v(a) = 88070*a**2 + 3*a - 4*a - 3 - 88069*a**2. Determine v(y).
17
Let u(x) = x**3 - x**2 - x - 1. Suppose -r = 4*r - 15. Let v(k) = -13*k + 5*k + 28*k**r + 4*k**2 - 25*k**3. Let q(o) = -2*u(o) + v(o). Calculate q(-7).
-5
Let n(u) = u. Let y(c) = c**2 + 4*c - 6. Let q(r) = -2*n(r) - y(r). Let v = -59 + 61. Suppose 0 = -4*d - 30 + v. Give q(d).
-1
Let k be ((-9)/6)/(6/(-28)). Let o(y) be the first derivative of -y**2/2 - 3*y - 519. What is o(k)?
-10
Let o(c) = 4*c + 7. Let y(z) = -29*z - 104. Let u(h) = 8*o(h) + y(h). Give u(17).
3
Let m(c) = 52*c**2 + 6*c - 111. Let f(x) = 18*x**2 + 2*x - 39. Let g(y) = 17*f(y) - 6*m(y). Let q = 13 + -12. Determine g(q).
-5
Let j(g) be the second derivative of -g**4/6 + 3*g**3/2 - 7*g**2/2 + 14*g - 2. Calculate j(1).
0
Let f(l) = -l**3 - 7*l**2 - 6*l - 4. Suppose -36 = 18*q + 72. Let b be f(q). Let u(v) = v - 6*v + 2*v - 1. What is u(b)?
11
Let x(u) = -52*u + 214*u - 61*u - 50*u - 50*u + 7. Let t(z) = z**2 + z. Let h(l) = 5*l**2 - l - 5. Let k(p) = -h(p) + 6*t(p). Let c be k(-5). Give x(c).
2
Let x(a) = -a. Let w be x(-3). Suppose 2*h = -w*h - 30. Let n(c) = -126*c**3 + 9*c - 22*c**2 + 14*c**2 + 8*c**2 + 7*c**2 + 127*c**3. Give n(h).
-18
Let i(o) be the first derivative of -o**5/20 + o**4/4 + o**3/2 - 3*o**2/2 + 71*o + 204. Let u(n) be the first derivative of i(n). Calculate u(4).
-7
Let z(p) be the first derivative of p**4/4 + 2*p**3 + p**2 - 6*p - 93. Suppose 4*b + 1 - 17 = 2*k, -2 = k.